{"id":1481,"date":"2021-07-31T12:55:46","date_gmt":"2021-07-31T16:55:46","guid":{"rendered":"https:\/\/seibeca.com\/?post_type=product&#038;p=1481"},"modified":"2021-07-31T13:00:33","modified_gmt":"2021-07-31T17:00:33","slug":"valvula-neumatia-smc-vz11-5moz-m5","status":"publish","type":"product","link":"https:\/\/seibeca.com\/index.php\/producto\/valvula-neumatia-smc-vz11-5moz-m5\/","title":{"rendered":"Valvula Neumatia SMC VZ11-5MOZ-M5"},"content":{"rendered":"<h2>Caracter\u00edsticas<\/h2>\n<table id=\"product-attribute-specs-table\" class=\"data-table\">\n<colgroup>\n<col width=\"25%\" \/>\n<col \/><\/colgroup>\n<thead>\n<tr class=\"first last\">\n<th>Tipo<\/th>\n<th>Informaci\u00f3n<\/th>\n<\/tr>\n<\/thead>\n<tbody>\n<tr class=\"first odd\">\n<th class=\"title\">C\u00f3digo de proveedor<\/th>\n<td class=\"data last\">\n<table width=\"152\">\n<tbody>\n<tr>\n<td width=\"152\">VZ11-5MOZ-M5<\/td>\n<\/tr>\n<\/tbody>\n<\/table>\n<\/td>\n<\/tr>\n<tr class=\"even\">\n<th class=\"title\">N\u00famero de parte<\/th>\n<td class=\"data last\"><\/td>\n<\/tr>\n<tr class=\"odd\">\n<th class=\"title\">Antiguo n\u00famero de parte<\/th>\n<td class=\"data last\"><\/td>\n<\/tr>\n<tr class=\"last even\">\n<th class=\"title\">Unidad<\/th>\n<td class=\"data last\">\u00a0PZA<\/td>\n<\/tr>\n<\/tbody>\n<\/table>\n","protected":false},"excerpt":{"rendered":"<p><span>La serie VZ consta de electrov\u00e1lvulas de 4 y 5 v\u00edas con junta de goma.\u00a0Las v\u00e1lvulas montadas en la base y en el cuerpo est\u00e1n disponibles con colectores est\u00e1ndar, de cable plano, enchufables y no enchufables montados en riel DIN.\u00a0Hay varias opciones disponibles.\u00a0La serie VZ todav\u00eda est\u00e1 disponible, aunque se han implementado reemplazos directos para cada serie.\u00a0Consulte la informaci\u00f3n de las series individuales para obtener informaci\u00f3n sobre los reemplazos.<\/span><\/p>\n<ul>\n<li><span>Electrov\u00e1lvula de 4 v\u00edas, con conexi\u00f3n al cuerpo<\/span><\/li>\n<li><span>Electrov\u00e1lvula monoestable de 2 posiciones<\/span><\/li>\n<li><span>Rango de presi\u00f3n de funcionamiento: 0,15 a 0,7 MPa<\/span><\/li>\n<li><span>Tiempo de respuesta (ms) (0.5MPa): 15 o menos<\/span><\/li>\n<li><span>Bajo consumo de energ\u00eda: 1.8W DC<\/span><\/li>\n<\/ul>\n<p><em><span style=\"color: #3366ff;\"><a style=\"color: #3366ff;\" href=\"https:\/\/www.smcpneumatics.com\/pdfs\/VZ1000_Valve.pdf\" target=\"_blank\" rel=\"noopener\">Ir al Manual<\/a><\/span><\/em><\/p>\n","protected":false},"featured_media":1477,"comment_status":"open","ping_status":"closed","template":"","meta":{"_monsterinsights_skip_tracking":false,"_monsterinsights_sitenote_active":false,"_monsterinsights_sitenote_note":"","_monsterinsights_sitenote_category":0},"product_brand":[],"product_cat":[110],"product_tag":[32,31,132],"class_list":{"0":"post-1481","1":"product","2":"type-product","3":"status-publish","4":"has-post-thumbnail","6":"product_cat-repuestos-neumaticos","7":"product_tag-neumatico","8":"product_tag-piston","9":"product_tag-smc","11":"first","12":"instock","13":"shipping-taxable","14":"purchasable","15":"product-type-simple"},"_links":{"self":[{"href":"https:\/\/seibeca.com\/index.php\/wp-json\/wp\/v2\/product\/1481","targetHints":{"allow":["GET"]}}],"collection":[{"href":"https:\/\/seibeca.com\/index.php\/wp-json\/wp\/v2\/product"}],"about":[{"href":"https:\/\/seibeca.com\/index.php\/wp-json\/wp\/v2\/types\/product"}],"replies":[{"embeddable":true,"href":"https:\/\/seibeca.com\/index.php\/wp-json\/wp\/v2\/comments?post=1481"}],"wp:featuredmedia":[{"embeddable":true,"href":"https:\/\/seibeca.com\/index.php\/wp-json\/wp\/v2\/media\/1477"}],"wp:attachment":[{"href":"https:\/\/seibeca.com\/index.php\/wp-json\/wp\/v2\/media?parent=1481"}],"wp:term":[{"taxonomy":"product_brand","embeddable":true,"href":"https:\/\/seibeca.com\/index.php\/wp-json\/wp\/v2\/product_brand?post=1481"},{"taxonomy":"product_cat","embeddable":true,"href":"https:\/\/seibeca.com\/index.php\/wp-json\/wp\/v2\/product_cat?post=1481"},{"taxonomy":"product_tag","embeddable":true,"href":"https:\/\/seibeca.com\/index.php\/wp-json\/wp\/v2\/product_tag?post=1481"}],"curies":[{"name":"wp","href":"https:\/\/api.w.org\/{rel}","templated":true}]}}