{"id":1535,"date":"2024-04-18T14:41:06","date_gmt":"2024-04-18T18:41:06","guid":{"rendered":"https:\/\/seibeca.com\/?post_type=product&#038;p=1535"},"modified":"2024-04-18T15:29:57","modified_gmt":"2024-04-18T19:29:57","slug":"sensor-fotoelectrico-metaltex-pmd-40dn","status":"publish","type":"product","link":"https:\/\/seibeca.com\/index.php\/producto\/sensor-fotoelectrico-metaltex-pmd-40dn\/","title":{"rendered":"Sensor fotoel\u00e9ctrico Metaltex PMD-40DN"},"content":{"rendered":"<table class=\"table_caracteristicas table-responsive table table-bordered\">\n<tbody>\n<tr>\n<td class=\"table_nombre\">CATEGOR\u00cdA DEL PRODUCTO<\/td>\n<td class=\"table_valor\"><\/td>\n<\/tr>\n<tr>\n<td class=\"table_nombre\">MARCA<\/td>\n<td class=\"table_valor\">Metaltex<\/td>\n<\/tr>\n<tr>\n<td class=\"table_nombre\">SKU<\/td>\n<td class=\"table_valor\">PMD-40DN<\/td>\n<\/tr>\n<tr>\n<td class=\"table_nombre\">SENSOR<\/td>\n<td class=\"table_valor\"><span class=\"product_features_value_para_class\">Fotoel\u00e9ctrico<\/span><\/td>\n<\/tr>\n<tr>\n<td class=\"table_nombre\">FOTOEL\u00c9CTRICO<\/td>\n<td class=\"table_valor\"><span class=\"product_features_value_para_class\">Difuso<\/span><\/td>\n<\/tr>\n<tr>\n<td class=\"table_nombre\">DISTANCIA DE SENSADO<\/td>\n<td class=\"table_valor\"><span class=\"product_features_value_para_class\">40 cm<\/span><\/td>\n<\/tr>\n<tr>\n<td class=\"table_nombre\">SALIDA DEL SENSOR<\/td>\n<td class=\"table_valor\"><span class=\"product_features_value_para_class\">10 a 30VDC<\/span><\/td>\n<\/tr>\n<tr>\n<td class=\"table_nombre\">TIPO DE SALIDAS<\/td>\n<td class=\"table_valor\"><span class=\"product_features_value_para_class\">NPN<\/span><\/td>\n<\/tr>\n<tr>\n<td class=\"table_nombre\">L\u00d3GICA DE SALIDA<\/td>\n<td class=\"table_valor\"><span class=\"product_features_value_para_class\">NA+NC<\/span><\/td>\n<\/tr>\n<tr>\n<td class=\"table_nombre\">CONECTOR<\/td>\n<td class=\"table_valor\">Ninguno &#8211; Cable 2 metros<\/td>\n<\/tr>\n<\/tbody>\n<\/table>\n","protected":false},"excerpt":{"rendered":"<p>CATEGOR\u00cdA DEL PRODUCTO MARCA Metaltex SKU PMD-40DN SENSOR Fotoel\u00e9ctrico FOTOEL\u00c9CTRICO Difuso DISTANCIA DE SENSADO 40 cm SALIDA DEL SENSOR 10 a 30VDC TIPO DE SALIDAS NPN L\u00d3GICA DE SALIDA NA+NC CONECTOR Ninguno &#8211; Cable 2 metros<\/p>\n","protected":false},"featured_media":1536,"comment_status":"open","ping_status":"closed","template":"","meta":{"_monsterinsights_skip_tracking":false,"_monsterinsights_sitenote_active":true,"_monsterinsights_sitenote_note":"Published: Sensor fotoel\u00e9ctrico Metaltex PMD-40DN","_monsterinsights_sitenote_category":133},"product_brand":[],"product_cat":[17],"product_tag":[22],"class_list":{"0":"post-1535","1":"product","2":"type-product","3":"status-publish","4":"has-post-thumbnail","6":"product_cat-repuestos-electronicos","7":"product_tag-sensor","9":"first","10":"instock","11":"shipping-taxable","12":"purchasable","13":"product-type-simple"},"_links":{"self":[{"href":"https:\/\/seibeca.com\/index.php\/wp-json\/wp\/v2\/product\/1535","targetHints":{"allow":["GET"]}}],"collection":[{"href":"https:\/\/seibeca.com\/index.php\/wp-json\/wp\/v2\/product"}],"about":[{"href":"https:\/\/seibeca.com\/index.php\/wp-json\/wp\/v2\/types\/product"}],"replies":[{"embeddable":true,"href":"https:\/\/seibeca.com\/index.php\/wp-json\/wp\/v2\/comments?post=1535"}],"wp:featuredmedia":[{"embeddable":true,"href":"https:\/\/seibeca.com\/index.php\/wp-json\/wp\/v2\/media\/1536"}],"wp:attachment":[{"href":"https:\/\/seibeca.com\/index.php\/wp-json\/wp\/v2\/media?parent=1535"}],"wp:term":[{"taxonomy":"product_brand","embeddable":true,"href":"https:\/\/seibeca.com\/index.php\/wp-json\/wp\/v2\/product_brand?post=1535"},{"taxonomy":"product_cat","embeddable":true,"href":"https:\/\/seibeca.com\/index.php\/wp-json\/wp\/v2\/product_cat?post=1535"},{"taxonomy":"product_tag","embeddable":true,"href":"https:\/\/seibeca.com\/index.php\/wp-json\/wp\/v2\/product_tag?post=1535"}],"curies":[{"name":"wp","href":"https:\/\/api.w.org\/{rel}","templated":true}]}}