{"id":644,"date":"2017-08-01T17:34:07","date_gmt":"2017-08-01T21:34:07","guid":{"rendered":"https:\/\/www.seibeca.com\/index.php\/producto\/duple-eby-duplicador-con-aislamiento-de-senal-de-procesos\/"},"modified":"2020-02-03T10:18:45","modified_gmt":"2020-02-03T14:18:45","slug":"sensor-de-presion-con-display-keyence","status":"publish","type":"product","link":"https:\/\/seibeca.com\/index.php\/producto\/sensor-de-presion-con-display-keyence\/","title":{"rendered":"Sensor de Presion Con Display. KEYENCE"},"content":{"rendered":"<h2 class=\"NormalHeading\"><span class=\"Inner\">ESPECIFICACIONES<\/span><\/h2>\n<dl class=\"LanguageSelect\">\n<dt>Seleccionar idioma<\/dt>\n<dd><select id=\"specselectedLanguageId\" class=\"CustomSelect\"><option selected=\"selected\" value=\"?langType=es-MX\">Espa\u00f1ol<\/option><option value=\"?langType=ja-JP\">\u00a0japon\u00e9s<\/option><\/select><span class=\"UIElm-select-box CustomSelect\"><a id=\"kpi_204_FormDecoration\" class=\"UIElm-select sctble_display\" data-id=\"kpi_204\"><\/a><span data-id=\"kpi_204\">Espa\u00f1ol<\/span><\/span><\/dd>\n<\/dl>\n<div class=\"specTable-block\">\n<table class=\"specTable-stibo-3282397\">\n<colgroup>\n<col width=\"\" \/>\n<col width=\"\" \/>\n<col width=\"\" \/>\n<col width=\"\" \/>\n<col width=\"55%\" \/><\/colgroup>\n<tbody>\n<tr class=\"specTable-row\">\n<td class=\"specTable-clm-0\" colspan=\"4\">Modelo<\/td>\n<td class=\"specTable-clm-4\">AP-32A<\/td>\n<\/tr>\n<tr class=\"specTable-row\">\n<td class=\"specTable-clm-0\" colspan=\"4\">Tipo<\/td>\n<td class=\"specTable-clm-4\">Presi\u00f3n positiva , Anal\u00f3gica<\/td>\n<\/tr>\n<tr class=\"specTable-row\">\n<td class=\"specTable-clm-0\" colspan=\"4\">Presi\u00f3n nominal<\/td>\n<td class=\"specTable-clm-4\">0 a 100.0 kPa<\/td>\n<\/tr>\n<tr class=\"specTable-row\">\n<td class=\"specTable-clm-0\" colspan=\"4\">Fluidos detectables<\/td>\n<td class=\"specTable-clm-4\">Aire o gases no corrosivos<\/td>\n<\/tr>\n<tr class=\"specTable-row\">\n<td class=\"specTable-clm-0\" colspan=\"4\">Tipo de presi\u00f3n<\/td>\n<td class=\"specTable-clm-4\">Medidor de presi\u00f3n<\/td>\n<\/tr>\n<tr class=\"specTable-row\">\n<td class=\"specTable-clm-0\" colspan=\"4\">Pantalla<\/td>\n<td class=\"specTable-clm-4\">3 1\/2 cifra, 2 colores, LED de 7 segmentos (altura de car\u00e1cter: 11 mm\u00a0<span style=\"color: #0099ff;\">0.43&#8243;<\/span>), Ciclo de presentaci\u00f3n: 5 veces\/s<\/td>\n<\/tr>\n<tr class=\"specTable-row\">\n<td class=\"specTable-clm-0\" colspan=\"4\">Resoluci\u00f3n de display<\/td>\n<td class=\"specTable-clm-4\">0.1 kPa (0.001 bar)<\/td>\n<\/tr>\n<tr class=\"specTable-row\">\n<td class=\"specTable-clm-0\" colspan=\"4\">Rango de presi\u00f3n detectable<\/td>\n<td class=\"specTable-clm-4\">-15 a +110 % de la escala total<\/td>\n<\/tr>\n<tr class=\"specTable-row\">\n<td class=\"specTable-clm-0\" colspan=\"4\">Tiempo de respuesta (funci\u00f3n de prevenci\u00f3n de parloteo)<\/td>\n<td class=\"specTable-clm-4\">2.5\/5\/100\/500 ms (seleccionable)<\/td>\n<\/tr>\n<tr class=\"specTable-row\">\n<td class=\"specTable-clm-0\" rowspan=\"2\">E\/S<\/td>\n<td class=\"specTable-clm-1\" colspan=\"3\">Salida anal\u00f3gica<\/td>\n<td class=\"specTable-clm-4\">1 a 5 V (impedancia de carga: 47 k\u2126 m\u00edn.)<\/td>\n<\/tr>\n<tr class=\"specTable-row\">\n<td class=\"specTable-clm-1\" colspan=\"3\">Salida de control<\/td>\n<td class=\"specTable-clm-4\">Colector abierto NPN 100 mA m\u00e1x. (40 V m\u00e1x.), voltaje residual: 1 V m\u00e1x. 2 salidas (N.A.\/N.C., seleccionable)<\/td>\n<\/tr>\n<tr class=\"specTable-row\">\n<td class=\"specTable-clm-0\" rowspan=\"2\">Valor nominal<\/td>\n<td class=\"specTable-clm-1\" colspan=\"3\">Voltaje de alimentaci\u00f3n<\/td>\n<td class=\"specTable-clm-4\">De 12 &#8211; 24 VCD \u00b110 % o menor, ondulaci\u00f3n (P-P) 10 % o menor<\/td>\n<\/tr>\n<tr class=\"specTable-row\">\n<td class=\"specTable-clm-1\" colspan=\"3\">Consumo de corriente<\/td>\n<td class=\"specTable-clm-4\">50 mA (a 24 VCD) o menos, 90 mA (a 12 VCD) o menos<\/td>\n<\/tr>\n<tr class=\"specTable-row\">\n<td class=\"specTable-clm-0\" rowspan=\"4\">Resistencia ambiental<\/td>\n<td class=\"specTable-clm-1\" colspan=\"3\">Resistencia de presi\u00f3n<\/td>\n<td class=\"specTable-clm-4\">500 kPa<\/td>\n<\/tr>\n<tr class=\"specTable-row\">\n<td class=\"specTable-clm-1\" colspan=\"3\">Temperatura ambiente<\/td>\n<td class=\"specTable-clm-4\">De 0 a +50 \u00b0C\u00a0<span style=\"color: #0099ff;\">32 a 122 \u00b0F<\/span>\u00a0(Sin congelaci\u00f3n)<\/td>\n<\/tr>\n<tr class=\"specTable-row\">\n<td class=\"specTable-clm-1\" colspan=\"3\">Humedad relativa<\/td>\n<td class=\"specTable-clm-4\">35 a 85 % HR (Sin condensaci\u00f3n)<\/td>\n<\/tr>\n<tr class=\"specTable-row\">\n<td class=\"specTable-clm-1\" colspan=\"3\">Resistencia a la vibraci\u00f3n<\/td>\n<td class=\"specTable-clm-4\">10 a 55 Hz, Amplitud doble 1.5 mm\u00a0<span style=\"color: #0099ff;\">0.06&#8243;<\/span>, 2 horas en cada una de las direcciones X, Y y Z<\/td>\n<\/tr>\n<tr class=\"specTable-row\">\n<td class=\"specTable-clm-0\" colspan=\"4\">Material<\/td>\n<td class=\"specTable-clm-4\">Bastidor delantero: Poliamida, L\u00e1mina del panel frontal: PET, Bastidor trasero: Polisulfona,<br \/>\nTerminal de presi\u00f3n: Cinc fundido, Cable: cable aislado con tubo de caucho a prueba de aceite.<\/td>\n<\/tr>\n<tr class=\"specTable-row\">\n<td class=\"specTable-clm-0\" colspan=\"4\">Peso<\/td>\n<td class=\"specTable-clm-4\">Aprox. 120 g<\/td>\n<\/tr>\n<\/tbody>\n<\/table>\n<\/div>\n","protected":false},"excerpt":{"rendered":"<p><a href=\"https:\/\/www.keyence.com.mx\/products\/process\/pressure\/ap-30\/models\/ap-32a\/\">https:\/\/www.keyence.com.mx\/products\/process\/pressure\/ap-30\/models\/ap-32a\/<\/a><\/p>\n","protected":false},"featured_media":1444,"comment_status":"open","ping_status":"closed","template":"","meta":{"_monsterinsights_skip_tracking":false,"_monsterinsights_sitenote_active":false,"_monsterinsights_sitenote_note":"","_monsterinsights_sitenote_category":0},"product_brand":[],"product_cat":[17],"product_tag":[125,22],"class_list":{"0":"post-644","1":"product","2":"type-product","3":"status-publish","4":"has-post-thumbnail","6":"product_cat-repuestos-electronicos","7":"product_tag-presion","8":"product_tag-sensor","10":"first","11":"instock","12":"shipping-taxable","13":"purchasable","14":"product-type-simple"},"_links":{"self":[{"href":"https:\/\/seibeca.com\/index.php\/wp-json\/wp\/v2\/product\/644","targetHints":{"allow":["GET"]}}],"collection":[{"href":"https:\/\/seibeca.com\/index.php\/wp-json\/wp\/v2\/product"}],"about":[{"href":"https:\/\/seibeca.com\/index.php\/wp-json\/wp\/v2\/types\/product"}],"replies":[{"embeddable":true,"href":"https:\/\/seibeca.com\/index.php\/wp-json\/wp\/v2\/comments?post=644"}],"wp:featuredmedia":[{"embeddable":true,"href":"https:\/\/seibeca.com\/index.php\/wp-json\/wp\/v2\/media\/1444"}],"wp:attachment":[{"href":"https:\/\/seibeca.com\/index.php\/wp-json\/wp\/v2\/media?parent=644"}],"wp:term":[{"taxonomy":"product_brand","embeddable":true,"href":"https:\/\/seibeca.com\/index.php\/wp-json\/wp\/v2\/product_brand?post=644"},{"taxonomy":"product_cat","embeddable":true,"href":"https:\/\/seibeca.com\/index.php\/wp-json\/wp\/v2\/product_cat?post=644"},{"taxonomy":"product_tag","embeddable":true,"href":"https:\/\/seibeca.com\/index.php\/wp-json\/wp\/v2\/product_tag?post=644"}],"curies":[{"name":"wp","href":"https:\/\/api.w.org\/{rel}","templated":true}]}}